nd 46052?
116
Calculate the greatest common factor of 33663490 and 1610.
1610
Calculate the highest common divisor of 60802 and 408758.
602
What is the highest common factor of 60398483 and 23?
23
What is the greatest common divisor of 2856 and 8947680?
168
Calculate the highest common factor of 1966 and 9651094.
1966
What is the greatest common factor of 60254046 and 522?
18
What is the greatest common factor of 2397016 and 5356?
412
What is the greatest common factor of 19201116 and 44?
44
What is the greatest common factor of 1460840 and 23128?
472
What is the greatest common divisor of 9512 and 22736?
232
Calculate the greatest common divisor of 636770 and 913160.
370
Calculate the greatest common divisor of 462 and 677334.
42
What is the greatest common factor of 6099933 and 21?
21
What is the highest common factor of 164189774 and 2?
2
Calculate the highest common divisor of 609801 and 16271652.
7719
What is the greatest common factor of 2783084654 and 1666?
1666
What is the highest common factor of 192602390 and 740?
370
What is the highest common factor of 2848326 and 6?
6
What is the greatest common divisor of 481 and 8793837?
13
What is the greatest common factor of 102266546 and 914?
914
What is the highest common factor of 346206 and 30618?
42
What is the greatest common divisor of 6147 and 1066695057?
6147
What is the highest common factor of 45083331 and 189?
27
Calculate the greatest common factor of 9084 and 55524.
12
What is the greatest common factor of 92326713 and 51808?
1619
What is the greatest common factor of 710 and 1205?
5
What is the highest common factor of 6 and 1245914?
2
What is the highest common divisor of 195130 and 2990?
130
Calculate the greatest common factor of 613980 and 28800.
180
Calculate the greatest common factor of 670850 and 1925.
25
Calculate the greatest common factor of 630500 and 235300.
1300
What is the greatest common divisor of 658395 and 1185?
15
Calculate the highest common divisor of 13516588 and 76.
4
What is the highest common divisor of 11152240 and 1311?
437
What is the greatest common divisor of 34602629 and 19?
19
Calculate the highest common factor of 1301781 and 975.
39
What is the greatest common divisor of 451072 and 7929?
881
What is the highest common divisor of 2027424 and 123?
3
What is the greatest common factor of 842994 and 6497928?
3618
Calculate the greatest common divisor of 68885 and 6900.
115
Calculate the highest common factor of 1208 and 559639824.
1208
What is the greatest common factor of 182697243 and 5594?
2797
Calculate the highest common factor of 69960 and 84282.
66
What is the highest common divisor of 63 and 359904825?
63
What is the greatest common divisor of 38235 and 17055?
15
What is the greatest common divisor of 22668803 and 209933?
3961
What is the greatest common factor of 832 and 3029369408?
832
Calculate the highest common divisor of 143 and 11311729.
143
Calculate the highest common divisor of 565983 and 6633.
99
Calculate the highest common factor of 351 and 45457731.
9
What is the greatest common divisor of 152 and 3935185?
19
Calculate the highest common divisor of 49593637 and 794.
397
Calculate the greatest common divisor of 445113 and 130698.
1233
What is the greatest common divisor of 7675 and 109580273?
307
What is the greatest common divisor of 1673431 and 559?
43
What is the highest common factor of 167687 and 67015?
13
What is the highest common factor of 23310 and 10219860?
630
Calculate the greatest common factor of 10640 and 1020560.
80
Calculate the greatest common divisor of 196 and 30548.
28
Calculate the highest common factor of 1064 and 4520.
8
What is the greatest common factor of 24100233 and 1483?
1483
What is the highest common divisor of 417 and 11947467?
417
What is the greatest common divisor of 145 and 2236771160?
145
Calculate the greatest common factor of 117 and 88603281.
117
What is the greatest common factor of 408900 and 27119?
47
What is the highest common factor of 6480 and 42912855?
135
What is the greatest common factor of 172730178 and 228?
114
Calculate the greatest common factor of 2466 and 1015718.
274
What is the greatest common factor of 5071302 and 54?
54
Calculate the highest common factor of 154389 and 324201.
159
Calculate the highest common divisor of 49406807 and 58.
29
What is the highest common divisor of 44992006 and 8952?
746
Calculate the greatest common factor of 856185346 and 786.
262
What is the greatest common divisor of 3839256 and 7272?
72
What is the highest common divisor of 68740726 and 4435?
887
Calculate the greatest common factor of 38523096 and 18.
18
Calculate the highest common factor of 1397 and 34907093.
127
What is the greatest common divisor of 15891603 and 3068?
13
Calculate the greatest common divisor of 173462 and 344.
86
Calculate the highest common divisor of 800 and 7175120.
80
Calculate the highest common factor of 14936050 and 9.
1
Calculate the highest common factor of 44 and 205381.
11
What is the greatest common divisor of 947669 and 5911?
23
What is the highest common factor of 520305793 and 13118?
6559
Calculate the greatest common divisor of 27 and 18144909.
9
What is the highest common divisor of 21690 and 1422263910?
7230
What is the highest common factor of 1021080 and 167259?
381
What is the highest common factor of 14652 and 9612?
36
Calculate the greatest common factor of 2980645 and 314.
157
What is the highest common factor of 4025 and 22739157?
161
Calculate the highest common factor of 2115840 and 42688.
1856
What is the greatest common divisor of 12690 and 476063?
47
Calculate the greatest common factor of 162 and 174471786.
54
What is the greatest common divisor of 7736054 and 425?
17
What is the highest common factor of 48422 and 37197468?
1562
What is the highest common divisor of 363960 and 1728136?
2696
What is the highest common divisor of 2689239 and 1185?
237
Calculate the greatest common divisor of 801120 and 14488.
8
What is the greatest common divisor of 5040 and 913360?
560
What is the greatest common divisor of 1845618 and 66?
6
What is the greatest common divisor of 141049 and 1105?
17
Calculate the highest common divisor of 3528 and 523728.
72
What is the greatest common divisor of 482741983 and 281?
281
Calculate the highest common factor of 423182 and 1099162.
926
What is the greatest common divisor of 13198550 and 1996?
998
Calculate the highest common factor of 286425979 and 510.
17
Calculate the highest common divisor of 48 and 47962956.
12
Calculate the highest common factor of 208863 and 9936.
207
Calculate the greatest common factor of 4921 and 3591.
133
Calculate the highest common factor of 23140209 and 30711.
1059
What is the greatest common divisor of 108531 and 75282003?
3501
Calculate the highest common divisor of 50061481 and 4403.
629
Calculate the highest common divisor of 22833562 and 4454.
262
What is the highest common divisor of 1678 and 374652094?
1678
What is the greatest common factor of 31606450 and 366975?
5825
Calculate the greatest common divisor of 986 and 8307746.
58
Calculate the highest common factor of 235888 and 2755216.
368
Calculate the greatest common factor of 145608 and 10356.
12
What is the greatest common divisor of 327845 and 4256?
133
What is the highest common divisor of 330 and 419915?
5
Calculate the highest common divisor of 18112680 and 93.
93
What is the highest common divisor of 6757986 and 30624?
174
Calculate the greatest common factor of 91 and 413343.
7
Calculate the greatest common divisor of 3 and 2773164.
3
What is the greatest common factor of 243573930 and 2709?
387
Calculate the highest common divisor of 3272050 and 215450.
1550
Calculate the greatest common factor of 7373699 and 51.
17
Calculate the greatest common divisor of 62204445 and 558.
279
Calculate the greatest common factor of 58 and 182878002.
58
What is the highest common divisor of 10518296 and 2823144?
11912
Calculate the highest common divisor of 7851277 and 23959.
97
What is the highest common divisor of 7861 and 1273958?
7
Calculate the greatest common factor of 1393264 and 3632.
16
What is the greatest common factor of 13191547 and 7?
1
Calculate the greatest common factor of 17974891 and 1595.
11
Calc